
5
Let f(w) = -w**2 - 4*w + 103. Give f(9).
-14
Let i(q) = q**3 + 17*q**2 + 18*q + 22. Give i(-16).
-10
Let f(a) = -3*a**3 + 3*a**2 - 2*a + 3. Give f(2).
-13
Let w(s) = -s**3 + 12*s**2 - 19*s + 21. Calculate w(10).
31
Let f(l) = -l**3 + 3*l**2 + 2*l. Determine f(3).
6
Let g(f) = 2*f - 25. Determine g(12).
-1
Let f(r) = -2*r**2 - 60*r + 12. What is f(-30)?
12
Let q(c) = -c**3 - 11*c**2 - 14*c + 4. What is q(-10)?
44
Let n(r) = r**3 - 2*r**2 - 5*r - 11. What is n(0)?
-11
Let o(f) = f**3 - 3*f**2 - 1. What is o(0)?
-1
Let t(i) = -i**2 + 10*i + 4. Give t(9).
13
Let p(y) = -3*y**2 + 3*y + 1. What is p(2)?
-5
Let h(w) = -2*w**2 + w - 15. Determine h(0).
-15
Let t(k) = k**3 - 3*k**2 - 3*k - 8. Give t(4).
-4
Let u(r) = -13*r + 8. Determine u(-5).
73
Let q(i) = i**3 + 28*i**2 - 29*i - 19. Calculate q(-29).
-19
Let k(w) = 27*w - 52. Calculate k(2).
2
Let c(i) = i - 21. Determine c(0).
-21
Let i(x) = -3*x + 1. Determine i(-6).
19
Let p(w) = -6*w**3 - 3*w**2. Determine p(2).
-60
Let t(z) = 2*z**2 - 24*z - 33. Give t(13).
-7
Let p(o) = -13*o - 3. Give p(-3).
36
Let q(k) = 3*k**2 + 3*k + 1. What is q(-3)?
19
Let p(y) = -y**3 - y**2 + 3*y - 5. What is p(-2)?
-7
Let x(c) = 6*c + 2. Determine x(-9).
-52
Let a(l) = 12*l + 94. Determine a(-7).
10
Let a(s) = -2*s**2 + 5*s - 3. Calculate a(4).
-15
Let b(z) = -6*z**2 - 30*z + 92. What is b(3)?
-52
Let m(j) = -27*j + 10. Calculate m(0).
10
Let o(n) = 54*n + 7. Give o(0).
7
Let x(n) = n**3 + 6*n**2 + 6*n + 3. What is x(-5)?
-2
Let v(m) = 4*m - 12. Give v(4).
4
Let c(u) = 38*u**3 + 2*u**2 - 1. Calculate c(1).
39
Let t(i) = -2*i - 22. What is t(-17)?
12
Let g(t) = t**3 + 5*t**2 - 3*t - 4. Determine g(-5).
11
Let y(l) = -16*l - 28. What is y(-6)?
68
Let r(u) = -2*u**2 - 8*u - 17. Calculate r(-6).
-41
Let k(g) = -g**2 - 38*g - 156. Determine k(-33).
9
Let x(s) = -2*s**2 - 11*s - 9. Determine x(-1).
0
Let m(h) = -h + 20. Calculate m(8).
12
Let h(z) = z**3 - 12*z**2 + 28*z - 12. Determine h(9).
-3
Let g(i) = i + 26. What is g(-15)?
11
Let y(w) = -w**2 + 12*w - 19. Determine y(8).
13
Let h(a) = a**3 - 12*a**2 + 12*a - 19. Give h(10).
-99
Let q(b) = 14*b + 830. Determine q(-59).
4
Let q(t) = 14*t**3 - t**2 - t. Determine q(1).
12
Let s(k) = k**3 - 2*k**2 - k - 7. What is s(3)?
-1
Let k(f) = -f + 12. Determine k(7).
5
Let s(m) = -2*m - 19. What is s(-8)?
-3
Let v(t) = -t**2 - 9*t - 10. Determine v(-5).
10
Let k(o) = o + 2. Determine k(-11).
-9
Let a(c) = c**3 + 10*c**2 - 14*c + 16. Give a(-12).
-104
Let d(z) = -z**2 + z + 7. Calculate d(0).
7
Let m(y) = -2*y**2 + 14*y - 14. Calculate m(11).
-102
Let g(v) = -v - 15. Calculate g(-13).
-2
Let a(x) = x**2 - 30*x + 50. Determine a(28).
-6
Let t(r) = 4*r**2 - 3*r. Calculate t(2).
10
Let o(s) = -s**2 + 30*s - 97. What is o(26)?
7
Let h(b) = -8*b - 35. Calculate h(-11).
53
Let m(u) = 4*u**2 + 94*u - 21. What is m(-23)?
-67
Let j(l) = 12*l + 71. Calculate j(-8).
-25
Let a(j) = -j**2 + j + 217. What is a(-14)?
7
Let f(l) = -l**2 - 7*l + 10. What is f(-7)?
10
Let w(r) = -r**2 - 4*r + 2. Determine w(-5).
-3
Let d(i) = i**3 + 2*i**2 - 8*i - 1. Calculate d(-4).
-1
Let u(o) = 2*o**2 + 5*o + 1. Calculate u(-4).
13
Let q(j) = -j**2 - 9*j + 4. What is q(-3)?
22
Let q(y) = y**3 - 8*y**2 - y - 5. What is q(8)?
-13
Let b(c) = 5*c + 130. Give b(-21).
25
Let o(a) = a**2 - 4*a. Determine o(4).
0
Let q(x) = 82*x - 813. Give q(10).
7
Let k(r) = -r**2 + 15*r - 9. What is k(14)?
5
Let j(t) = -3*t - 9. Determine j(5).
-24
Let o(z) = -36*z**2 + 1. What is o(-1)?
-35
Let p(x) = -x**3 - 8*x**2 - 14*x + 4. What is p(-4)?
-4
Let c(v) = 19*v + 144. Calculate c(-8).
-8
Let i(d) = -d + 7. Calculate i(-3).
10
Let v(u) = 2*u**2 - 19*u - 34. Determine v(11).
-1
Let p(t) = 81*t - 405. Give p(5).
0
Let u(w) = -7*w + 19. Give u(14).
-79
Let f(k) = -k**2 - 7*k + 4. Calculate f(-8).
-4
Let t(h) = -4*h + 3. What is t(9)?
-33
Let x(n) = -26*n**2 - n - 1. Give x(-1).
-26
Let x(m) = 27*m. Determine x(1).
27
Let f(d) = -d**2 + 9*d - 11. Give f(2).
3
Let p(i) = -2*i**2 - 25*i - 5. Calculate p(-13).
-18
Let n(r) = -12*r**3 - 1. Calculate n(1).
-13
Let s(l) = 2*l + 28. Determine s(-10).
8
Let x(g) = -11*g**3 - 2*g**2 - 5*g - 9. Determine x(-2).
81
Let d(f) = 29*f + 86. What is d(-4)?
-30
Let f(q) = q**3 + 6*q**2 + 3*q - 5. Determine f(-5).
5
Let g(c) = -4*c + 153. Calculate g(31).
29
Let g(c) = -c**2 - 10*c + 102. Calculate g(-16).
6
Let v(s) = -3*s**2 + s + 5. Determine v(-5).
-75
Let g(r) = -r**2 + 44*r + 187. Calculate g(-4).
-5
Let q(k) = 27*k - 33. Calculate q(-1).
-60
Let c(v) = -v**2 + 12*v + 12. Give c(-8).
-148
Let l(f) = f**3 + 50*f**2 + 51*f + 104. Calculate l(-49).
6
Let w(k) = k - 5. Determine w(-49).
-54
Let q(u) = -3*u**3 - u**2 + 3*u + 1. Determine q(-2).
15
Let j(d) = -d**2 - d + 7. Give j(-3).
1
Let w(x) = 5*x - 8. Determine w(8).
32
Let r(o) = -o**3 + o**2 + o - 3. Determine r(4).
-47
Let w(n) = -n**2 - 10. What is w(0)?
-10
Let t(f) = 9*f + 14. What is t(-6)?
-40
Let n(p) = -p. Determine n(1).
-1
Let z(l) = l**2 - l - 53. What is z(0)?
-53
Let l(p) = 8*p - 4. Give l(-5).
-44
Let m(i) = -6*i + 99. Determine m(12).
27
Let a(n) = -n**3 - 16*n**2 - 16*n - 13. What is a(-15)?
2
Let q(x) = 15*x - 13. Determine q(-10).
-163
Let x(q) = -6*q - 53. Determine x(-8).
-5
Let q(k) = 5*k + 98. Give q(-25).
-27
Let q(o) = 4*o**2 + 90*o - 40. Give q(-23).
6
Let g(i) = -i**3 + 4*i**2 + 5*i - 3. Give g(5).
-3
Let u(d) = -d**2 - d + 4. Calculate u(4).
-16
Let x(d) = -2*d**3 - 70*d**2 - 24. Give x(-35).
-24
Let z(o) = -o**2 + 13*o - 37. Give z(4).
-1
Let k(m) = 2*m - 5. Give k(-10).
-25
Let h(s) = 3*s - 16. Determine h(11).
17
Let h(m) = -9*m**3 - 3*m - 2. Give h(-1).
10
Let g(u) = -2*u + 5. What is g(12)?
-19
Let i(t) = -t**3 + 16*t**2 + t - 21. Determine i(16).
-5
Let n(l) = -l**3 + 2*l**2 + 11*l + 1. Give n(0).
1
Let f(j) = -14*j + 2. Determine f(-2).
30
Let i(r) = -r**3 - 7*r**2 - 7*r - 7. Calculate i(-6).
-1
Let p(w) = -2*w - 8. Give p(-6).
4
Let u(t) = -37*t - 273. Determine u(-8).
23
Let m(s) = s**3 - 8*s**2 + s. What is m(8)?
8
Let v(a) = -a**3 - a**2 - a - 8. What is v(0)?
-8
Let m(v) = -v**3 - 42*v**2 + 39*v - 181. Determine m(-43).
-9
Let g(r) = -3*r**2 - 5*r - 7. Determine g(-1).
-5
Let r(p) = p**3 + 6*p**2 - 8*p - 10. Determine r(-7).
-3
Let j(n) = -4*n**2 + n + 1. Give j(4).
-59
Let w(k) = k**3 - 8*k**2 + 4*k + 3. Determine w(7).
-18
Let s(t) = t**3 + 8*t**2 + 4*t - 27. Determine s(-7).
-6
Let p(g) = -g**3 - 12*g**2 + 13*g - 7. What is p(-13)?
-7
Let d(t) = t**2 - 6*t + 3. What is d(5)?
-2
Let m(n) = -3*n**3 + n**2 + 11*n - 6. Determine m(-3).
51
Let k(n) = 2*n**3 + 21*n**2 - 13*n - 17. Determine k(-11).
5
Let r(n) = -n**2 + 18*n + 37. Calculate r(-2).
-3
Let k(q) = 6*q - 5. Calculate k(2).
7
Let l(g) = -2*g**2 - 3*g - 3. Calculate l(-1).
-2
Let a(o) = -o**2 - o + 1. Give a(-2).
-1
Let a(g) = 2*g + 7. What is a(-22)?
-37
Let o(h) = -h**2 - 24*h - 95. Calculate o(-19).
0
Let j(n) = -2*n**2 - 20*n - 6. Give j(-10).
-6
Let t(x) = 2*x + 84. Calculate t(-2).
80
Let r(v) = -v**2 + 4*v + 19. Determine r(8).
-13
Let a(z) = -3*z**2 - 16*z - 21. What is a(-3)?
0
Let n(u) = -u**3 + 3*u**2 + 3*u - 1. Determine n(2).
9
Let o(x) = 7*x + 1. Calculate o(0).
1
Let v(t) = -7*t**2 - 2*t + 22. Give v(-5).
-143
Let g(j) = -6*j + 84. Give g(14).
0
Let x(j) = j**3 + 7*j**2 + 8*j - 5. Determine x(-5).
5
Let n(c) = c**2 + 2*c - 3. Calculate n(-2).
-3
Let m(n) = 7*n**2 + 9*n - 6. Calculate m(-5).
124
Let u(j) = j**2 - 4*j + 7. Calculate u(3).
4
Let g(a) = -a**2 + 16*a + 95. Determine g(21).
-10
Let d(y) = -y**3 - 55*y**2 + 60*y + 217. Determine d(-56).
-7
Let s(k) = -k**2 - 6*k + 4. What is s(-8)?
-12
Let q(w) = -10*w**3 + w + 2. Give q(-1).
11
Let u(b) = -b**2 - 5*b - 5. What is u(-5)?
-5
Let t(u) = u**2 + 22*u + 104. Determine t(-15).
-1
Let r(o) = -o**2 + 29*o + 296. Calculate r(-8).
0
Let c(f) = -39*f + 2. Calculate c(1).
-37
Let c(v) = v**3 + 2*v**2 + 2*v + 1. Determine c(-2).
-3
Let q(g) = 2*g**3 + 61*g**2 + 32*g + 25. Determine q(-30).
-35
Let z(w) = -2*w**2 - 7*w - 3. Determine z(-4).
-7
Let k(b) = b**2 + b - 40. What is k(6)?
2
Let g(t) = -4*t + 344. Calculate g(83).
12
Let q(v) = -v**3 + 10*v - 6. Calculate q(-5).
69
Let t(y) = y**2 - 4*y - 15. Give t(7).
6
Let k(c) = -4*c + 11. Determine k(11).
-33
Let t(j) = -3*j**3 + 2*j**